rime factors of c.
2, 3, 5
Suppose b - 3044 = -a, -4*b + 44*a = 40*a - 12208. List the prime factors of b.
2, 3, 127
Let c = -33 - -43. Suppose c*v = 11*v - 11. List the prime factors of v.
11
What are the prime factors of (-1)/((-12)/16 + 758/1016)?
2, 127
Let c = -218 - -308. What are the prime factors of (1253 - 1)*(c/(-40))/(-9)?
313
Let k(v) = -v**3 + 10*v**2 + 10*v + 14. Let z be k(11). Suppose 6*d - 27 = z*d. List the prime factors of (d/4)/(6/48).
2, 3
Let y(n) = 388*n - 48. List the prime factors of y(1).
2, 5, 17
Let w be 3 + (-2 - (-2 - 0)). Suppose 3*n - 4*i = -5, -5 = -2*n + 4*n - w*i. Let u = 8 + n. What are the prime factors of u?
13
Let y be (-94)/(-6)*(18 - 0). Let t = -665 - -767. Suppose 4*z + t = y. List the prime factors of z.
3, 5
Suppose -10*j - 1786 + 7426 = 0. What are the prime factors of j?
2, 3, 47
Let b be -2*(5/(-2) + 1). Suppose 5*z + 678 = 3*g, -2*g + 175 = -b*z - 276. List the prime factors of g.
13, 17
Let t be 2*(-1 + 4/(-8)). Let u be -4 - ((0 - -1) + t). What are the prime factors of -2 + u + (-272)/(-4)?
2
Suppose t = -2*t + 555. Let r = -131 + t. What are the prime factors of r?
2, 3
Suppose 194 - 60 = 2*n. Suppose -36 = -5*v + 3*v + 4*q, -3*q = -4*v + n. Suppose -b = -3*t + 74, -t = -0*t + 4*b - v. List the prime factors of t.
2, 3
Let c(t) = -t**3 - 7*t**2 - 5*t + 8. Let v = 0 - 6. Let k be c(v). Suppose 0 = f - k*f + 23. What are the prime factors of f?
23
Let a(n) = -29*n + 6. Let l(z) = 1. Let u(q) = -a(q) + l(q). List the prime factors of u(2).
53
Let l(r) = -r**3 + 24*r**2 - 34*r + 20. What are the prime factors of l(22)?
2, 3, 5
Let b(n) = -n**2 + 12*n - 2. Let y be b(11). What are the prime factors of y*12*2/3?
2, 3
List the prime factors of ((-850)/(-14) - -3)/((-14)/(-98)).
2, 223
Suppose 0 = 4*q + 4*t - 140, 9*t + 49 = 2*q + 4*t. Suppose -q*g + 36*g = 448. List the prime factors of g.
2, 7
Suppose -2*d + 3*d = 0. Suppose -2 = -d*g - g. What are the prime factors of ((-1)/g)/((-9)/900)?
2, 5
Suppose -4*y = 3*j - 2647, 2*j + 6*y = j + 873. What are the prime factors of j?
3, 5, 59
Let x(u) = 2*u**2 + 4*u - 19. List the prime factors of x(-14).
317
Suppose 3*z - 2*z - 10 = 0. Let c be (z - -2)*1/3. Suppose -44 = -2*g - 0*g + q, -2*q = -c. List the prime factors of g.
23
Suppose 11*h = 8*h + 6. Suppose -2*b - n - 2*n = -20, 0 = -n + h. Suppose 3*m - 2*v = 148, 2*m - v + 238 = b*m. List the prime factors of m.
2, 3
Suppose 4*j - 3*c + 27 = 0, -4*j - c = -2*c + 25. List the prime factors of (604/(-24))/(j/36).
151
Let t(i) = -77*i**2 + 2*i - 3. Let y be t(-4). Suppose 51*f = 60*f - 36. List the prime factors of (-1)/f + y/(-44).
2, 7
Let d(v) = 2*v**2 + 36*v + 222. What are the prime factors of d(-24)?
2, 3, 5, 17
Suppose 88 = 4*s - 392. Suppose s = 5*n - 0*n. Suppose -n = -b + 18. List the prime factors of b.
2, 3, 7
Let q be (7/21)/(1/(-15)). Let f = q - -15. Suppose 2*z + f + 18 = i, -5*i = -z - 185. What are the prime factors of i?
2, 19
Suppose q - 38384 = -15*q. What are the prime factors of q?
2399
Suppose -5*z + 3*h + 83 = -3*z, 3*z - 150 = -4*h. Let w = z + -33. Suppose n - w = -0*n. What are the prime factors of n?
13
Let t(v) = -v**3 + 12*v**2 - 6*v - 14. Suppose -3*j = 2*b - 35, j - 31 = -4*b + 14. Let q be t(b). List the prime factors of (q/(-15))/((-6)/20).
2, 7
Let h = 52 + -86. Let l = 59 + h. List the prime factors of l.
5
Let z = -1 - 3. Let g(p) = -9*p + 9. Let k(i) = -8*i + 7. Let c(s) = -4*g(s) + 5*k(s). List the prime factors of c(z).
3, 5
Let s(a) = a**2 - a + 13. Let t be s(0). Let d(g) = -6*g - t + 20*g - 4*g. What are the prime factors of d(8)?
67
Let m be (38*3)/(12/(-20) - -1). Suppose -3*s - 3*y = -m, -11 + 1 = -5*y. What are the prime factors of s?
3, 31
Let s(x) = 5*x**2 - 4*x + 3. Let a be s(1). List the prime factors of a/1 - 1947/(-11).
181
Let u(f) = -58*f - 293. List the prime factors of u(-24).
7, 157
What are the prime factors of (-159372)/(-266) - 1/7?
599
Suppose -23*p + 747 = -1576. List the prime factors of p.
101
Let c = 78 - 73. Suppose -c*i = -388 + 113. What are the prime factors of i?
5, 11
Suppose -3*w + 14 + 31 = 0. Suppose 5*b = -w, 3*a = -a + 3*b - 27. What are the prime factors of 582/54 + (-2)/a?
11
Suppose -7*g + 940 = -1041. What are the prime factors of g?
283
Suppose -r + 312 = 5*r. List the prime factors of r.
2, 13
Suppose 0 = -5*x + 114 + 131. Let a = 83 - x. What are the prime factors of a?
2, 17
Suppose -2777 = -5*d - 5*w + 28, 1117 = 2*d + 3*w. What are the prime factors of d?
2, 283
Suppose -5*s = -5*o - 260, 2*o = -s - 3*o + 46. Suppose 535 = -s*u + 56*u. List the prime factors of u.
107
Let l = 8 - 4. Let b(y) = y. Let g be b(l). Suppose 5*u + 5*p = 90, g*p - 10 = u - 53. What are the prime factors of u?
23
Let r be (((-36)/30)/((-2)/30))/(-1). Let y = -5 - -9. List the prime factors of 36*y*(-3)/r.
2, 3
Let l = 97 + -97. Suppose l = r + 63 - 177. What are the prime factors of r?
2, 3, 19
Let k(y) = -237*y - 156. What are the prime factors of k(-11)?
3, 19, 43
Suppose -14007 = -6*r - 23*r. What are the prime factors of r?
3, 7, 23
Let x be (0/(-9))/(3 + -1). Let i(s) = s**2 - 5*s - 4. Let u be i(6). Suppose -2*a = l - 35, x = -l - u*l - 3. List the prime factors of a.
2, 3
Let y be (-5 - (4 + -1)) + -4. Let p = -14 - y. Let q(d) = -23*d - 1. What are the prime factors of q(p)?
3, 5
Suppose 239 = 2*k - p - 21, 5*k - 650 = 4*p. Let w = k - -11. Suppose 3*g = w - 60. List the prime factors of g.
3
Let d = -32 + 65. Let n = d - 27. Suppose 2*b + 152 = n*b. What are the prime factors of b?
2, 19
Suppose 4*d + 4 - 20 = 0. Suppose 0*o - 1 = -o, -4*r = d*o - 448. List the prime factors of r.
3, 37
Let m(d) = d. Let h be m(3). Suppose 2*t + h*q = 3*t - 38, 4*q = 2*t - 76. Suppose 2 = 4*w - t. What are the prime factors of w?
2, 5
Let n be 1/(-9) - (-16)/(-18). Let u(q) = -53*q**2 + 1. Let r be u(n). Let w = -37 - r. List the prime factors of w.
3, 5
Let m(a) = a**2 - 11*a + 2. Let n be m(5). Let o be (n/(-14))/(2*1). List the prime factors of (2 + (-21)/(-3))/o.
3
Suppose 2*j - h = -3*h, -45 = 4*j - 5*h. Let k = -1 - j. Suppose 3*n + 71 = -3*v + 200, -165 = -k*v + 3*n. List the prime factors of v.
2, 3, 7
Let r = -1044 + 1636. Suppose -5*n + r = -3*h + 6*h, -2*h - 3*n + 396 = 0. List the prime factors of (h/10)/((-32)/(-80)).
3, 17
Suppose 0 = -26*g + 3996 + 8874. What are the prime factors of g?
3, 5, 11
Suppose -7*l - o + 121 = -4*l, 5*o - 101 = -3*l. Let s = 94 - l. What are the prime factors of s?
2, 13
Let x be (-1)/4*(-14 + 6). Suppose 4 + 6 = -x*o, a = -3*o + 13. List the prime factors of a.
2, 7
Let a(m) = -33*m**3 - 2*m**2 + 2*m - 1. Suppose 8*b = 9*b - 1. Let h be a(b). Let y = -7 - h. List the prime factors of y.
3
What are the prime factors of (6 + 9 + -14)*(2063 - 0)?
2063
Suppose -152*z + 860 = -148*z. What are the prime factors of z?
5, 43
Let m be (-276 + 2 + 0)/(-2). Let z be (1 + m)/(5 + -3). Suppose -5*o + 339 - z = 0. What are the prime factors of o?
2, 3
Let w(t) = -t**2 + 6*t + 9. Let m be w(7). Suppose 0 = -3*g + m*n - 1, -5*g = -n - 10. Suppose -f + 140 = g*f. List the prime factors of f.
5, 7
Let k(h) = 16*h**2 + 34*h + 12. What are the prime factors of k(-5)?
2, 11
Let k(x) = -x**2 - 9*x + 5. Let a be k(-5). Let s = -14 + a. Suppose -s*h + 110 = -6*h. What are the prime factors of h?
2, 11
Let p(y) = 103*y - 5. List the prime factors of p(3).
2, 19
List the prime factors of (5730/40)/((-18)/(-312) + 0).
13, 191
What are the prime factors of ((-698)/7)/((-6)/21)?
349
Suppose 0 = -22*c + 5*c + 5916. List the prime factors of c.
2, 3, 29
Let x(u) = -16*u - 1 - 9*u**3 + 21*u**3 + 3 + 8*u**2 - 11*u**3. List the prime factors of x(-8).
2, 5, 13
Let s(l) be the third derivative of l**4/4 + l**3/2 + 24*l**2. What are the prime factors of s(12)?
3, 5
Let c = 20481 + -14302. What are the prime factors of c?
37, 167
Suppose -5*o + 4 = -1. Let i(l) = -18*l + 2. Let n be i(o). Let g = n - -29. What are the prime factors of g?
13
List the prime factors of 49972/91 + 2*(-1)/14.
3, 61
Let w(c) = -560*c + 78. What are the prime factors of w(-2)?
2, 599
Suppose -k = 4*c - 21, 3*c - 26 = -c - 2*k. Suppose 0*f = c*f - 196. What are the prime factors of f?
7
Suppose 42*u + 1326 = 45*u. What are the prime factors of u?
2, 13, 17
Suppo